{"id":5,"date":"2011-07-14T19:45:29","date_gmt":"2011-07-14T19:45:29","guid":{"rendered":"http:\/\/www.cfjmbiblestudies.com\/?page_id=5"},"modified":"2022-09-01T00:59:57","modified_gmt":"2022-09-01T00:59:57","slug":"about","status":"publish","type":"page","link":"https:\/\/www.de.cfjmbiblestudies.com\/?page_id=5","title":{"rendered":"\u00dcber Uns"},"content":{"rendered":"\n<h2 class=\"wp-block-heading\">\u00dcber Uns<\/h2>\n\n\n<div class=\"wp-block-image\">\n<figure class=\"alignleft\"><a href=\"https:\/\/www.de.cfjmbiblestudies.com\/wp-content\/uploads\/2011\/07\/Carla.jpg\"><img loading=\"lazy\" decoding=\"async\" width=\"278\" height=\"300\" src=\"https:\/\/www.de.cfjmbiblestudies.com\/wp-content\/uploads\/2011\/07\/Carla-278x300.jpg\" alt=\"\" class=\"wp-image-419\" title=\"Carla\" srcset=\"https:\/\/www.de.cfjmbiblestudies.com\/wp-content\/uploads\/2011\/07\/Carla-278x300.jpg 278w, https:\/\/www.de.cfjmbiblestudies.com\/wp-content\/uploads\/2011\/07\/Carla.jpg 456w\" sizes=\"auto, (max-width: 278px) 100vw, 278px\" \/><\/a><\/figure>\n<\/div>\n\n<div class=\"wp-block-image\">\n<figure class=\"alignleft\"><a href=\"https:\/\/www.de.cfjmbiblestudies.com\/wp-content\/uploads\/2011\/07\/June.jpg\"><img loading=\"lazy\" decoding=\"async\" width=\"246\" height=\"300\" src=\"https:\/\/www.de.cfjmbiblestudies.com\/wp-content\/uploads\/2011\/07\/June-246x300.jpg\" alt=\"\" class=\"wp-image-420\" title=\"June\" srcset=\"https:\/\/www.de.cfjmbiblestudies.com\/wp-content\/uploads\/2011\/07\/June-246x300.jpg 246w, https:\/\/www.de.cfjmbiblestudies.com\/wp-content\/uploads\/2011\/07\/June.jpg 654w\" sizes=\"auto, (max-width: 246px) 100vw, 246px\" \/><\/a><\/figure>\n<\/div>\n\n\n<p>Carla Freeman und June Michealsen arbeiten seit einigen Jahren zusammen, um diese Studienmaterialien zu schreiben. Als Freundinnen in einem Bibelstudium, und durch Gebet,&nbsp; f\u00fchrte Gott sie so, dass sie 1997 begannen ihre eigenen Studienmaterialien zu erstellen.<\/p>\n\n\n\n<p>Beide teilen eine Liebe und eine Leidenschaft f\u00fcr das Wort Gottes und ihr Wunsch ist, dass andere die lebensspendende Kraft des Wortes Gottes entdecken und in ihrem Alltag anwenden. Die Studienmaterialien wurden mit dem Ziel entworfen Leben zu ver\u00e4ndern und nicht nur zu informieren.<\/p>\n\n\n\n<p>Seit sie angefangen haben die Lektionen auf Deutsch zu \u00fcbersetzen, ist die Zahl der Gruppen, die das Material sowohl in den USA als auch in Deutschland verwenden, \u00fcber die Jahre gewachsen. Diejenigen, die das Material verwenden, berichten von der Einsicht, F\u00fchrung, Ermutigung und Freude, die es bringt, wenn sie dem Geist Gottes erlauben durch sein Wort zu reden.<\/p>\n\n\n\n<p>Jede der einzelnen Studienb\u00fccher ist als PDF Datei verf\u00fcgbar und ist unterteilt in 22-24 Lektionen \u2013 mit Ausnahme von den Briefen des Paulus, die jeweils 6-9 Lektionen beinhalten.<\/p>\n\n\n\n<p>Es bereitet Carla &amp; June gro\u00dfe Freude diese Lektionen vorzubereiten und Sie d\u00fcrfen sie kostenlos herunterladen und auch an andere weitergeben. Ihre einzige Bitte ist, dass Sie niemals daf\u00fcr Geld verlangen oder das Material ohne schriftliche Genehmigung von \u201cCFJM Bibelstudien\u201d ver\u00e4ndern. Falls Sie sich jedoch gef\u00fchrt sehen etwas beizutragen, so spenden Sie bitte einer Organisation Ihrer Wahl, z.B. den unten von uns vorgeschlagenen.<\/p>\n\n\n\n<p><a href=\"http:\/\/www.lcc.it\">www.lcc.it<\/a><\/p>\n\n\n\n<p><a href=\"http:\/\/www.worldvision.org\">www.worldvision.org<\/a><\/p>\n\n\n\n<p><a href=\"http:\/\/www.opportunityorg\">www.opportunity.org<\/a><\/p>\n","protected":false},"excerpt":{"rendered":"<p>\u00dcber Uns Carla Freeman und June Michealsen arbeiten seit einigen Jahren zusammen, um diese Studienmaterialien zu schreiben. Als Freundinnen in einem Bibelstudium, und durch Gebet,&nbsp; f\u00fchrte Gott sie so, dass sie 1997 begannen ihre eigenen Studienmaterialien zu erstellen. Beide teilen eine Liebe und eine Leidenschaft f\u00fcr das Wort Gottes und ihr Wunsch ist, dass andere die lebensspendende Kraft des Wortes Gottes entdecken und in ihrem Alltag anwenden. Die Studienmaterialien wurden&nbsp;<a href=\"https:\/\/www.de.cfjmbiblestudies.com\/?page_id=5\" class=\"read-more\">Continue Reading<\/a><\/p>\n","protected":false},"author":1,"featured_media":0,"parent":0,"menu_order":1,"comment_status":"open","ping_status":"closed","template":"page-fullwidth.php","meta":{"footnotes":""},"class_list":["post-5","page","type-page","status-publish","hentry"],"_links":{"self":[{"href":"https:\/\/www.de.cfjmbiblestudies.com\/index.php?rest_route=\/wp\/v2\/pages\/5","targetHints":{"allow":["GET"]}}],"collection":[{"href":"https:\/\/www.de.cfjmbiblestudies.com\/index.php?rest_route=\/wp\/v2\/pages"}],"about":[{"href":"https:\/\/www.de.cfjmbiblestudies.com\/index.php?rest_route=\/wp\/v2\/types\/page"}],"author":[{"embeddable":true,"href":"https:\/\/www.de.cfjmbiblestudies.com\/index.php?rest_route=\/wp\/v2\/users\/1"}],"replies":[{"embeddable":true,"href":"https:\/\/www.de.cfjmbiblestudies.com\/index.php?rest_route=%2Fwp%2Fv2%2Fcomments&post=5"}],"version-history":[{"count":11,"href":"https:\/\/www.de.cfjmbiblestudies.com\/index.php?rest_route=\/wp\/v2\/pages\/5\/revisions"}],"predecessor-version":[{"id":664,"href":"https:\/\/www.de.cfjmbiblestudies.com\/index.php?rest_route=\/wp\/v2\/pages\/5\/revisions\/664"}],"wp:attachment":[{"href":"https:\/\/www.de.cfjmbiblestudies.com\/index.php?rest_route=%2Fwp%2Fv2%2Fmedia&parent=5"}],"curies":[{"name":"wp","href":"https:\/\/api.w.org\/{rel}","templated":true}]}}